{"id":323,"date":"2023-03-05T21:53:04","date_gmt":"2023-03-05T20:53:04","guid":{"rendered":"http:\/\/www.francisquemichot.fr\/?page_id=323"},"modified":"2023-06-09T13:25:55","modified_gmt":"2023-06-09T11:25:55","slug":"accueil","status":"publish","type":"page","link":"https:\/\/www.francisquemichot.fr\/","title":{"rendered":"Accueil"},"content":{"rendered":"<p>[vc_row content_placement=&#8221;middle&#8221; content_text_aligment=&#8221;center&#8221;][vc_column width=&#8221;1\/4&#8243;]<div class=\"qodef-single-image-holder   \">\n    <div class=\"qodef-si-inner\" >\n                                    <img loading=\"lazy\" decoding=\"async\" width=\"173\" height=\"300\" src=\"https:\/\/www.francisquemichot.fr\/wp-content\/uploads\/2023\/03\/Francisque-MICHOT-face-et-profil-173x300.jpg\" class=\"attachment-medium size-medium\" alt=\"\" srcset=\"https:\/\/www.francisquemichot.fr\/wp-content\/uploads\/2023\/03\/Francisque-MICHOT-face-et-profil-173x300.jpg 173w, https:\/\/www.francisquemichot.fr\/wp-content\/uploads\/2023\/03\/Francisque-MICHOT-face-et-profil-590x1024.jpg 590w, https:\/\/www.francisquemichot.fr\/wp-content\/uploads\/2023\/03\/Francisque-MICHOT-face-et-profil-768x1334.jpg 768w, https:\/\/www.francisquemichot.fr\/wp-content\/uploads\/2023\/03\/Francisque-MICHOT-face-et-profil-885x1536.jpg 885w, https:\/\/www.francisquemichot.fr\/wp-content\/uploads\/2023\/03\/Francisque-MICHOT-face-et-profil-1179x2048.jpg 1179w, https:\/\/www.francisquemichot.fr\/wp-content\/uploads\/2023\/03\/Francisque-MICHOT-face-et-profil-600x1042.jpg 600w, https:\/\/www.francisquemichot.fr\/wp-content\/uploads\/2023\/03\/Francisque-MICHOT-face-et-profil.jpg 1472w\" sizes=\"auto, (max-width: 173px) 100vw, 173px\" \/>                        <\/div>\n<\/div>[\/vc_column][vc_column width=&#8221;3\/4&#8243;]<div class=\"qodef-section-title-holder   qodef-st-enable-text-separator qodef-st-text-available qodef-st-position-left\" >\n\t<div class=\"qodef-st-inner\">\n\t\t\t\t\t<h2 class=\"qodef-st-title\" >\n\t\t\t\tD\u00e9couvrez l'oeuvre de Francisque MICHOT\t\t\t<\/h2>\n\t\t\t\t<div class=\"qodef-st-text-holder clearfix\" >\n\t\t\t\t\t\t\t<span class=\"qodef-st-separator\"><\/span>\n\t\t\t\t\t\t\t\t\t\t<p class=\"qodef-st-text\" >\n\t\t\t\t\tUn artiste qui gagnerait \u00e0 \u00eatre reconnu\t\t\t\t<\/p>\n\t\t\t\t\t<\/div>\n\t\t\t<\/div>\n<\/div>[vc_column_text]<\/p>\n<p style=\"text-align: left;\">Francisque MICHOT (1891-1968) est un sculpteur et modeleur fran\u00e7ais natif de Firminy. Sportif confirm\u00e9 et ancien &#8220;poilu&#8221;, il a produit de nombreuses sculptures d&#8217;une grande finesse.<\/p>\n<p style=\"text-align: left;\">Il est l&#8217;auteur de l&#8217;un des premiers livres en fran\u00e7ais d\u00e9di\u00e9 au rugby et \u00e0 ses r\u00e8gles : &#8220;Le Football Rugby&#8221;.<\/p>\n<p>[\/vc_column_text][\/vc_column][\/vc_row][vc_row full_width=&#8221;stretch_row_content_no_spaces&#8221; disable_background_image=&#8221;&#8221; content_text_aligment=&#8221;center&#8221; simple_background_image=&#8221;535&#8243; parallax_background_image=&#8221;535&#8243;][vc_column][vc_empty_space][vc_empty_space][\/vc_column][\/vc_row][vc_row full_width=&#8221;stretch_row_content_no_spaces&#8221; disable_background_image=&#8221;&#8221; content_text_aligment=&#8221;center&#8221; simple_background_image=&#8221;535&#8243;][vc_column][vc_empty_space][vc_empty_space][\/vc_column][\/vc_row][vc_row full_width=&#8221;stretch_row_content_no_spaces&#8221; disable_background_image=&#8221;&#8221; content_text_aligment=&#8221;center&#8221; simple_background_image=&#8221;535&#8243; parallax_background_image=&#8221;535&#8243;][vc_column][vc_empty_space][vc_empty_space][\/vc_column][\/vc_row][vc_row full_width=&#8221;stretch_row_content_no_spaces&#8221; disable_background_image=&#8221;&#8221; content_text_aligment=&#8221;center&#8221; simple_background_image=&#8221;535&#8243; parallax_background_image=&#8221;535&#8243;][vc_column][vc_empty_space][vc_empty_space][vc_empty_space][\/vc_column][\/vc_row][vc_row][vc_column width=&#8221;1\/2&#8243;]<div class=\"qodef-section-title-holder   qodef-st-enable-text-separator qodef-st-text-available \" >\n\t<div class=\"qodef-st-inner\">\n\t\t\t\t\t<h2 class=\"qodef-st-title\" >\n\t\t\t\tUn esprit sain dans un corps sain ?\t\t\t<\/h2>\n\t\t\t\t<div class=\"qodef-st-text-holder clearfix\" >\n\t\t\t\t\t\t\t<span class=\"qodef-st-separator\"><\/span>\n\t\t\t\t\t\t\t\t\t\t<p class=\"qodef-st-text\" >\n\t\t\t\t\tsous titre\t\t\t\t<\/p>\n\t\t\t\t\t<\/div>\n\t\t\t<\/div>\n<\/div>[vc_column_text]I am text block. Click edit button to change this text. Lorem ipsum dolor sit amet, consectetur adipiscing elit. Ut elit tellus, luctus nec ullamcorper mattis, pulvinar dapibus leo.[\/vc_column_text][\/vc_column][vc_column width=&#8221;1\/2&#8243;]<div class=\"qodef-image-gallery  qodef-ig-grid-type qodef-large-space  \">\n\t<div class=\"qodef-ig-inner qodef-outer-space qodef-ig-grid qodef-ig-three-columns\">\n\t\t\t\t\t<div class=\"qodef-ig-image qodef-item-space\">\n\t\t\t\t<div class=\"qodef-ig-image-inner\">\n\t\t\t\t\t\t\t\t\t\t\t<img loading=\"lazy\" decoding=\"async\" width=\"150\" height=\"150\" src=\"https:\/\/www.francisquemichot.fr\/wp-content\/uploads\/2023\/03\/IMG_3724-scaled-e1686081716597-150x150.jpg\" class=\"attachment-thumbnail size-thumbnail\" alt=\"\" srcset=\"https:\/\/www.francisquemichot.fr\/wp-content\/uploads\/2023\/03\/IMG_3724-scaled-e1686081716597-150x150.jpg 150w, https:\/\/www.francisquemichot.fr\/wp-content\/uploads\/2023\/03\/IMG_3724-scaled-e1686081716597-550x550.jpg 550w, https:\/\/www.francisquemichot.fr\/wp-content\/uploads\/2023\/03\/IMG_3724-scaled-e1686081716597-1100x1100.jpg 1100w, https:\/\/www.francisquemichot.fr\/wp-content\/uploads\/2023\/03\/IMG_3724-scaled-e1686081716597-300x300.jpg 300w, https:\/\/www.francisquemichot.fr\/wp-content\/uploads\/2023\/03\/IMG_3724-scaled-e1686081716597-100x100.jpg 100w\" sizes=\"auto, (max-width: 150px) 100vw, 150px\" \/>\t\t\t\t\t\t\t\t\t<\/div>\n\t\t\t<\/div>\n\t\t\t\t\t<div class=\"qodef-ig-image qodef-item-space\">\n\t\t\t\t<div class=\"qodef-ig-image-inner\">\n\t\t\t\t\t\t\t\t\t\t\t<img loading=\"lazy\" decoding=\"async\" width=\"150\" height=\"150\" src=\"https:\/\/www.francisquemichot.fr\/wp-content\/uploads\/2023\/03\/thumbnail__1270155-150x150.jpg\" class=\"attachment-thumbnail size-thumbnail\" alt=\"\" srcset=\"https:\/\/www.francisquemichot.fr\/wp-content\/uploads\/2023\/03\/thumbnail__1270155-150x150.jpg 150w, https:\/\/www.francisquemichot.fr\/wp-content\/uploads\/2023\/03\/thumbnail__1270155-300x300.jpg 300w, https:\/\/www.francisquemichot.fr\/wp-content\/uploads\/2023\/03\/thumbnail__1270155-100x100.jpg 100w, https:\/\/www.francisquemichot.fr\/wp-content\/uploads\/2023\/03\/thumbnail__1270155-550x550.jpg 550w\" sizes=\"auto, (max-width: 150px) 100vw, 150px\" \/>\t\t\t\t\t\t\t\t\t<\/div>\n\t\t\t<\/div>\n\t\t\t\t\t<div class=\"qodef-ig-image qodef-item-space\">\n\t\t\t\t<div class=\"qodef-ig-image-inner\">\n\t\t\t\t\t\t\t\t\t\t\t<img loading=\"lazy\" decoding=\"async\" width=\"150\" height=\"150\" src=\"https:\/\/www.francisquemichot.fr\/wp-content\/uploads\/2023\/03\/IMG_3719-scaled-e1686301339829-150x150.jpg\" class=\"attachment-thumbnail size-thumbnail\" alt=\"\" srcset=\"https:\/\/www.francisquemichot.fr\/wp-content\/uploads\/2023\/03\/IMG_3719-scaled-e1686301339829-150x150.jpg 150w, https:\/\/www.francisquemichot.fr\/wp-content\/uploads\/2023\/03\/IMG_3719-scaled-e1686301339829-550x550.jpg 550w, https:\/\/www.francisquemichot.fr\/wp-content\/uploads\/2023\/03\/IMG_3719-scaled-e1686301339829-1100x1100.jpg 1100w, https:\/\/www.francisquemichot.fr\/wp-content\/uploads\/2023\/03\/IMG_3719-scaled-e1686301339829-300x300.jpg 300w, https:\/\/www.francisquemichot.fr\/wp-content\/uploads\/2023\/03\/IMG_3719-scaled-e1686301339829-100x100.jpg 100w\" sizes=\"auto, (max-width: 150px) 100vw, 150px\" \/>\t\t\t\t\t\t\t\t\t<\/div>\n\t\t\t<\/div>\n\t\t\t<\/div>\n<\/div>[\/vc_column][\/vc_row][vc_row][vc_column][vc_empty_space][vc_empty_space][vc_empty_space][\/vc_column][\/vc_row][vc_row][vc_column width=&#8221;1\/2&#8243;]<div class=\"qodef-image-gallery  qodef-ig-grid-type qodef-large-space  \">\n\t<div class=\"qodef-ig-inner qodef-outer-space qodef-ig-grid qodef-ig-three-columns\">\n\t\t\t\t\t<div class=\"qodef-ig-image qodef-item-space\">\n\t\t\t\t<div class=\"qodef-ig-image-inner\">\n\t\t\t\t\t\t\t\t\t\t\t<img loading=\"lazy\" decoding=\"async\" width=\"406\" height=\"615\" src=\"https:\/\/www.francisquemichot.fr\/wp-content\/uploads\/2023\/06\/Claire_MICHOT_-_Soldat_1-removebg-preview.png\" class=\"attachment-large size-large\" alt=\"\" srcset=\"https:\/\/www.francisquemichot.fr\/wp-content\/uploads\/2023\/06\/Claire_MICHOT_-_Soldat_1-removebg-preview.png 406w, https:\/\/www.francisquemichot.fr\/wp-content\/uploads\/2023\/06\/Claire_MICHOT_-_Soldat_1-removebg-preview-198x300.png 198w\" sizes=\"auto, (max-width: 406px) 100vw, 406px\" \/>\t\t\t\t\t\t\t\t\t<\/div>\n\t\t\t<\/div>\n\t\t\t\t\t<div class=\"qodef-ig-image qodef-item-space\">\n\t\t\t\t<div class=\"qodef-ig-image-inner\">\n\t\t\t\t\t\t\t\t\t\t\t<img loading=\"lazy\" decoding=\"async\" width=\"733\" height=\"1024\" src=\"https:\/\/www.francisquemichot.fr\/wp-content\/uploads\/2023\/03\/25-8-scaled-e1686301543321-733x1024.jpg\" class=\"attachment-large size-large\" alt=\"\" srcset=\"https:\/\/www.francisquemichot.fr\/wp-content\/uploads\/2023\/03\/25-8-scaled-e1686301543321-733x1024.jpg 733w, https:\/\/www.francisquemichot.fr\/wp-content\/uploads\/2023\/03\/25-8-scaled-e1686301543321-215x300.jpg 215w, https:\/\/www.francisquemichot.fr\/wp-content\/uploads\/2023\/03\/25-8-scaled-e1686301543321-768x1074.jpg 768w, https:\/\/www.francisquemichot.fr\/wp-content\/uploads\/2023\/03\/25-8-scaled-e1686301543321-1099x1536.jpg 1099w, https:\/\/www.francisquemichot.fr\/wp-content\/uploads\/2023\/03\/25-8-scaled-e1686301543321-600x839.jpg 600w, https:\/\/www.francisquemichot.fr\/wp-content\/uploads\/2023\/03\/25-8-scaled-e1686301543321.jpg 1465w\" sizes=\"auto, (max-width: 733px) 100vw, 733px\" \/>\t\t\t\t\t\t\t\t\t<\/div>\n\t\t\t<\/div>\n\t\t\t\t\t<div class=\"qodef-ig-image qodef-item-space\">\n\t\t\t\t<div class=\"qodef-ig-image-inner\">\n\t\t\t\t\t\t\t\t\t\t\t<img loading=\"lazy\" decoding=\"async\" width=\"1024\" height=\"555\" src=\"https:\/\/www.francisquemichot.fr\/wp-content\/uploads\/2023\/03\/25-7-scaled-e1686300024904-1024x555.jpg\" class=\"attachment-large size-large\" alt=\"\" srcset=\"https:\/\/www.francisquemichot.fr\/wp-content\/uploads\/2023\/03\/25-7-scaled-e1686300024904-1024x555.jpg 1024w, https:\/\/www.francisquemichot.fr\/wp-content\/uploads\/2023\/03\/25-7-scaled-e1686300024904-300x163.jpg 300w, https:\/\/www.francisquemichot.fr\/wp-content\/uploads\/2023\/03\/25-7-scaled-e1686300024904-768x416.jpg 768w, https:\/\/www.francisquemichot.fr\/wp-content\/uploads\/2023\/03\/25-7-scaled-e1686300024904-1536x832.jpg 1536w, https:\/\/www.francisquemichot.fr\/wp-content\/uploads\/2023\/03\/25-7-scaled-e1686300024904-600x325.jpg 600w\" sizes=\"auto, (max-width: 1024px) 100vw, 1024px\" \/>\t\t\t\t\t\t\t\t\t<\/div>\n\t\t\t<\/div>\n\t\t\t<\/div>\n<\/div>[\/vc_column][vc_column width=&#8221;1\/2&#8243;]<div class=\"qodef-section-title-holder   qodef-st-enable-text-separator qodef-st-text-available \" >\n\t<div class=\"qodef-st-inner\">\n\t\t\t\t\t<h2 class=\"qodef-st-title\" >\n\t\t\t\tRire en 14-18\t\t\t<\/h2>\n\t\t\t\t<div class=\"qodef-st-text-holder clearfix\" >\n\t\t\t\t\t\t\t<span class=\"qodef-st-separator\"><\/span>\n\t\t\t\t\t\t\t\t\t\t<p class=\"qodef-st-text\" >\n\t\t\t\t\tsous titre\t\t\t\t<\/p>\n\t\t\t\t\t<\/div>\n\t\t\t<\/div>\n<\/div>[vc_column_text]I am text block. Click edit button to change this text. Lorem ipsum dolor sit amet, consectetur adipiscing elit. Ut elit tellus, luctus nec ullamcorper mattis, pulvinar dapibus leo.[\/vc_column_text][\/vc_column][\/vc_row][vc_row][vc_column][vc_empty_space][vc_empty_space][vc_empty_space][\/vc_column][\/vc_row][vc_row][vc_column width=&#8221;1\/2&#8243;]<div class=\"qodef-section-title-holder   qodef-st-enable-text-separator qodef-st-text-available \" >\n\t<div class=\"qodef-st-inner\">\n\t\t\t\t\t<h2 class=\"qodef-st-title\" >\n\t\t\t\tL'humour au quotidien\t\t\t<\/h2>\n\t\t\t\t<div class=\"qodef-st-text-holder clearfix\" >\n\t\t\t\t\t\t\t<span class=\"qodef-st-separator\"><\/span>\n\t\t\t\t\t\t\t\t\t\t<p class=\"qodef-st-text\" >\n\t\t\t\t\tsous titre\t\t\t\t<\/p>\n\t\t\t\t\t<\/div>\n\t\t\t<\/div>\n<\/div>[vc_column_text]I am text block. Click edit button to change this text. Lorem ipsum dolor sit amet, consectetur adipiscing elit. Ut elit tellus, luctus nec ullamcorper mattis, pulvinar dapibus leo.[\/vc_column_text][\/vc_column][vc_column width=&#8221;1\/2&#8243;]<div class=\"qodef-image-gallery  qodef-ig-grid-type qodef-large-space  \">\n\t<div class=\"qodef-ig-inner qodef-outer-space qodef-ig-grid qodef-ig-three-columns\">\n\t\t\t\t\t<div class=\"qodef-ig-image qodef-item-space\">\n\t\t\t\t<div class=\"qodef-ig-image-inner\">\n\t\t\t\t\t\t\t\t\t\t\t<img loading=\"lazy\" decoding=\"async\" width=\"768\" height=\"1024\" src=\"https:\/\/www.francisquemichot.fr\/wp-content\/uploads\/2023\/03\/thumbnail__1270176-768x1024.jpg\" class=\"attachment-large size-large\" alt=\"\" srcset=\"https:\/\/www.francisquemichot.fr\/wp-content\/uploads\/2023\/03\/thumbnail__1270176-768x1024.jpg 768w, https:\/\/www.francisquemichot.fr\/wp-content\/uploads\/2023\/03\/thumbnail__1270176-600x800.jpg 600w, https:\/\/www.francisquemichot.fr\/wp-content\/uploads\/2023\/03\/thumbnail__1270176-225x300.jpg 225w, https:\/\/www.francisquemichot.fr\/wp-content\/uploads\/2023\/03\/thumbnail__1270176.jpg 960w\" sizes=\"auto, (max-width: 768px) 100vw, 768px\" \/>\t\t\t\t\t\t\t\t\t<\/div>\n\t\t\t<\/div>\n\t\t\t\t\t<div class=\"qodef-ig-image qodef-item-space\">\n\t\t\t\t<div class=\"qodef-ig-image-inner\">\n\t\t\t\t\t\t\t\t\t\t\t<img loading=\"lazy\" decoding=\"async\" width=\"768\" height=\"1024\" src=\"https:\/\/www.francisquemichot.fr\/wp-content\/uploads\/2023\/03\/thumbnail__1270166-768x1024.jpg\" class=\"attachment-large size-large\" alt=\"\" srcset=\"https:\/\/www.francisquemichot.fr\/wp-content\/uploads\/2023\/03\/thumbnail__1270166-768x1024.jpg 768w, https:\/\/www.francisquemichot.fr\/wp-content\/uploads\/2023\/03\/thumbnail__1270166-600x800.jpg 600w, https:\/\/www.francisquemichot.fr\/wp-content\/uploads\/2023\/03\/thumbnail__1270166-225x300.jpg 225w, https:\/\/www.francisquemichot.fr\/wp-content\/uploads\/2023\/03\/thumbnail__1270166.jpg 960w\" sizes=\"auto, (max-width: 768px) 100vw, 768px\" \/>\t\t\t\t\t\t\t\t\t<\/div>\n\t\t\t<\/div>\n\t\t\t\t\t<div class=\"qodef-ig-image qodef-item-space\">\n\t\t\t\t<div class=\"qodef-ig-image-inner\">\n\t\t\t\t\t\t\t\t\t\t\t<img loading=\"lazy\" decoding=\"async\" width=\"768\" height=\"1024\" src=\"https:\/\/www.francisquemichot.fr\/wp-content\/uploads\/2023\/03\/2-1-768x1024.jpg\" class=\"attachment-large size-large\" alt=\"\" srcset=\"https:\/\/www.francisquemichot.fr\/wp-content\/uploads\/2023\/03\/2-1-768x1024.jpg 768w, https:\/\/www.francisquemichot.fr\/wp-content\/uploads\/2023\/03\/2-1-225x300.jpg 225w, https:\/\/www.francisquemichot.fr\/wp-content\/uploads\/2023\/03\/2-1-1152x1536.jpg 1152w, https:\/\/www.francisquemichot.fr\/wp-content\/uploads\/2023\/03\/2-1-1536x2048.jpg 1536w, https:\/\/www.francisquemichot.fr\/wp-content\/uploads\/2023\/03\/2-1-600x800.jpg 600w, https:\/\/www.francisquemichot.fr\/wp-content\/uploads\/2023\/03\/2-1-scaled.jpg 1920w\" sizes=\"auto, (max-width: 768px) 100vw, 768px\" \/>\t\t\t\t\t\t\t\t\t<\/div>\n\t\t\t<\/div>\n\t\t\t<\/div>\n<\/div>[\/vc_column][\/vc_row][vc_row][vc_column][vc_empty_space][vc_empty_space][vc_empty_space][\/vc_column][\/vc_row]<\/p>\n","protected":false},"excerpt":{"rendered":"<p>[vc_row content_placement=&#8221;middle&#8221; content_text_aligment=&#8221;center&#8221;][vc_column width=&#8221;1\/4&#8243;][\/vc_column][vc_column width=&#8221;3\/4&#8243;][vc_column_text] Francisque MICHOT (1891-1968) est un sculpteur et modeleur fran\u00e7ais natif de Firminy. Sportif confirm\u00e9 et ancien &#8220;poilu&#8221;, il a produit de nombreuses sculptures d&#8217;une grande finesse. Il est l&#8217;auteur de l&#8217;un des premiers livres en [&hellip;]<\/p>\n","protected":false},"author":1,"featured_media":0,"parent":0,"menu_order":0,"comment_status":"closed","ping_status":"closed","template":"","meta":{"footnotes":""},"class_list":["post-323","page","type-page","status-publish","hentry"],"_links":{"self":[{"href":"https:\/\/www.francisquemichot.fr\/index.php\/wp-json\/wp\/v2\/pages\/323","targetHints":{"allow":["GET"]}}],"collection":[{"href":"https:\/\/www.francisquemichot.fr\/index.php\/wp-json\/wp\/v2\/pages"}],"about":[{"href":"https:\/\/www.francisquemichot.fr\/index.php\/wp-json\/wp\/v2\/types\/page"}],"author":[{"embeddable":true,"href":"https:\/\/www.francisquemichot.fr\/index.php\/wp-json\/wp\/v2\/users\/1"}],"replies":[{"embeddable":true,"href":"https:\/\/www.francisquemichot.fr\/index.php\/wp-json\/wp\/v2\/comments?post=323"}],"version-history":[{"count":53,"href":"https:\/\/www.francisquemichot.fr\/index.php\/wp-json\/wp\/v2\/pages\/323\/revisions"}],"predecessor-version":[{"id":569,"href":"https:\/\/www.francisquemichot.fr\/index.php\/wp-json\/wp\/v2\/pages\/323\/revisions\/569"}],"wp:attachment":[{"href":"https:\/\/www.francisquemichot.fr\/index.php\/wp-json\/wp\/v2\/media?parent=323"}],"curies":[{"name":"wp","href":"https:\/\/api.w.org\/{rel}","templated":true}]}}